. What is s(-7)?
24
Let y(f) = -16*f - 112. Give y(-6).
-16
Let b(z) = -6*z**3 + 2*z**2 - z - 2. Determine b(2).
-44
Let l(h) = -h - 17. What is l(-4)?
-13
Let h(i) = 2*i**3 + 27*i**2 + 34*i - 23. What is h(-12)?
1
Let n(u) = 16*u + 8. Give n(1).
24
Let c(k) = -32*k + 2. Determine c(4).
-126
Let i(l) = -l + 10. Calculate i(4).
6
Let s(h) = -h**3 + 12*h**2 - 19*h - 14. Determine s(10).
-4
Let n(w) = -w**3 + 6*w**2 - w + 19. Calculate n(6).
13
Let u(w) = -w**2 + 17*w - 82. Give u(11).
-16
Let f(x) = -x**3 + x**2 + 46*x - 21. Give f(7).
7
Let l(a) = -2*a - 34. Calculate l(-12).
-10
Let c(a) = a**2 - 15*a + 19. Determine c(4).
-25
Let s(k) = -k**3 - 9*k**2 - k - 16. Determine s(-9).
-7
Let g(l) = l**3 - 5*l**2 - 4*l + 5. What is g(6)?
17
Let c(m) = -47*m - 373. What is c(-8)?
3
Let h(w) = -w + 2. Give h(5).
-3
Let g(q) = -2*q**2 - 13*q + 4. What is g(-9)?
-41
Let g(y) = -61*y - 63. Calculate g(-1).
-2
Let l(x) = -x**3 - 2*x**2 + 8*x - 6. What is l(-4)?
-6
Let g(z) = z**3 + 17*z**2 + 17*z + 19. Give g(-16).
3
Let j(x) = x**2 + 22*x + 65. What is j(-4)?
-7
Let s(n) = -n + 9. Calculate s(17).
-8
Let b(m) = -2*m**2 - 9*m + 11. Determine b(-10).
-99
Let k(r) = -37*r**3 + r**2 + r + 1. What is k(-1)?
38
Let l(v) = -5*v**2 + 2*v - 5. Give l(0).
-5
Let l(u) = -u + 11. Determine l(18).
-7
Let s(u) = -6*u + 61. Calculate s(7).
19
Let u(c) = c**3 + 3*c - 5. Calculate u(2).
9
Let u(g) = g**3 + 29*g**2 + 27*g - 59. Determine u(-28).
-31
Let r(w) = 4*w**2 - 3*w + 1. What is r(2)?
11
Let h(m) = -m + 12. Give h(21).
-9
Let d(c) = 3*c - 11. Give d(4).
1
Let u(t) = -t**2 + 7*t + 7. What is u(8)?
-1
Let s(a) = -6*a**3 - 52*a**2 + 21*a - 5. Determine s(-9).
-32
Let b(z) = -z**3 - 8*z**2 - 8*z - 6. Give b(-7).
1
Let w(b) = -76*b + 3. Determine w(-1).
79
Let u(q) = -9*q**2 - 5*q - 5. Determine u(-1).
-9
Let z(i) = i**3 - 12*i**2 + 7*i + 14. What is z(11)?
-30
Let y(o) = o. Give y(-2).
-2
Let d(l) = -l**3 + 4*l**2 + l - 1. What is d(5)?
-21
Let g(b) = -2*b**2 - 15*b + 33. Give g(-10).
-17
Let c(x) = 7*x + 3. Give c(4).
31
Let x(a) = -a**3 - 19*a**2 - 37*a - 57. Calculate x(-17).
-6
Let t(s) = s**2 + 5*s - 4. Give t(-5).
-4
Let d(n) = n - 5. What is d(7)?
2
Let k(i) = 5*i**2 + 39*i + 43. Give k(-6).
-11
Let d(h) = 2*h**2 + h - 11. Calculate d(0).
-11
Let r(w) = w**2 + 17*w + 112. Give r(-9).
40
Let w(t) = -3*t - 11. What is w(-7)?
10
Let o(r) = -10*r + 36. What is o(0)?
36
Let q(z) = 6*z + 12. Calculate q(-3).
-6
Let g(o) = o**3 + 15*o**2 + 16*o + 13. What is g(-14)?
-15
Let t(w) = -2*w**3 - 2*w**2 - 5*w - 4. What is t(-1)?
1
Let f(y) = -y**3 + 2*y**2 + y + 10. Calculate f(3).
4
Let q(t) = 13*t. What is q(-6)?
-78
Let k(m) = -6*m**3 + 2*m**2 - 3*m + 1. Calculate k(1).
-6
Let d(j) = 10*j**2. Determine d(2).
40
Let z(m) = 2*m**3 - 21*m**2 + 12*m + 6. Give z(10).
26
Let k(o) = -3*o - 3. Determine k(-1).
0
Let f(w) = -52*w + 466. Determine f(9).
-2
Let m(h) = h**3 + 3*h**2 + 13. Give m(-5).
-37
Let c(m) = 13*m - 83. Calculate c(7).
8
Let c(m) = 4*m**2 - 3*m + 2. Determine c(1).
3
Let g(j) = j**2 + 3*j - 10. Determine g(-6).
8
Let k(f) = 11*f + 57. Determine k(2).
79
Let h(f) = 8*f - 1. Determine h(1).
7
Let v(u) = -3*u**2 - 11*u + 2. Give v(-2).
12
Let m(c) = -5*c + 13. Calculate m(2).
3
Let p(n) = -n**2 + 14*n - 25. What is p(12)?
-1
Let l(s) = 8*s + 3. What is l(-2)?
-13
Let f(z) = -z**2 + 3*z + 14. Calculate f(5).
4
Let y(t) = -t**3 + 18*t**2 - 65*t - 5. What is y(5)?
-5
Let k(w) = 3*w**2 - 18*w + 7. What is k(5)?
-8
Let h(g) = g**2 - 11*g - 6. What is h(12)?
6
Let u(n) = n + 7. What is u(-6)?
1
Let n(o) = -2*o + 78. Calculate n(34).
10
Let v(o) = -o - 7. What is v(2)?
-9
Let y(w) = w**3 + 14*w**2 + 12*w - 4. Determine y(-13).
9
Let c(x) = -7*x + 9. What is c(-6)?
51
Let s(t) = -7*t**2 + 45*t - 13. What is s(6)?
5
Let s(g) = g**2 + 4. Give s(5).
29
Let u(s) = -s**3 - 7*s**2 - 11*s - 19. Calculate u(-6).
11
Let c(n) = -18*n**3 + n**2 - n + 1. Determine c(1).
-17
Let u(x) = -x**3 - 12*x**2 - 28*x - 12. Calculate u(-9).
-3
Let l(a) = a**3 + 13*a**2 + 7*a + 96. Give l(-13).
5
Let o(m) = -m**3 - 9*m**2 + 5*m - 6. What is o(-10)?
44
Let g(j) = -j**3 - 16*j**2 - 14*j + 22. What is g(-15)?
7
Let q(w) = -w**2 - 10*w - 7. Calculate q(-8).
9
Let i(y) = y**3 - 58*y**2 + 111*y + 52. Give i(56).
-4
Let u(t) = -8*t - 60. Give u(-8).
4
Let s(o) = -o**3 + 12*o**2 - 25*o + 27. Determine s(10).
-23
Let u(h) = -h**3 - 6*h**2 + 42*h + 27. Give u(-10).
7
Let z(b) = -b**2 - 5*b - 8. Calculate z(-4).
-4
Let f(z) = z**2 + 14*z. Give f(-15).
15
Let v(z) = z**2 - 11*z - 32. Calculate v(14).
10
Let o(p) = 23*p**2 + 4*p + 3. What is o(-2)?
87
Let m(x) = -x**3 + 6*x**2 + 6*x + 11. What is m(7)?
4
Let a(f) = -9*f - 43. Calculate a(-5).
2
Let l(b) = -2*b**2 - 11*b - 25. Determine l(-6).
-31
Let g(m) = m + 5. Calculate g(11).
16
Let o(b) = -b**3 - 9*b**2 - 4*b - 4. Determine o(-8).
-36
Let k(t) = t - 7. Determine k(-5).
-12
Let u(v) = -5*v + 1. Calculate u(-7).
36
Let g(o) = o**3 + 15*o**2 - 16*o - 4. Calculate g(-16).
-4
Let l(y) = -9*y - 18. Determine l(-6).
36
Let s(o) = o**2 - 4*o - 44. What is s(8)?
-12
Let d(s) = -s - 11. Determine d(-11).
0
Let u(w) = w**2 - 5*w - 6. Calculate u(-3).
18
Let r(x) = 4*x**3 + 8*x - 6. Give r(3).
126
Let k(q) = 3*q - 9. Determine k(0).
-9
Let v(r) = r - 9. Give v(10).
1
Let d(s) = -s**2 - 18*s + 89. Give d(-22).
1
Let q(o) = -o + 29. Calculate q(-8).
37
Let o(a) = a**3 + 16*a**2 - 16*a + 56. Calculate o(-17).
39
Let x(l) = -l**2 - 2*l - 168. Calculate x(0).
-168
Let v(c) = -3*c**2 + 16*c + 8. Calculate v(6).
-4
Let z(w) = w**3 + 7*w**2 - 8*w - 1. What is z(-8)?
-1
Let k(j) = -8*j + 46. Calculate k(6).
-2
Let f(p) = -5*p + 2. Calculate f(-5).
27
Let y(p) = p**3 + 9*p**2 + 9*p + 7. Determine y(-8).
-1
Let o(c) = -c**2 - 4*c + 14. What is o(-8)?
-18
Let p(a) = -a**3 - 12*a**2 - 14*a - 42. Give p(-11).
-9
Let l(h) = 12*h + 3. Give l(-5).
-57
Let p(q) = -q**2 - 16*q - 1. Determine p(-12).
47
Let n(h) = -h**3 - 3*h**2 + 4*h + 16. What is n(-3)?
4
Let v(x) = 13*x + 117. Give v(-9).
0
Let o(z) = 6*z - 43. Calculate o(14).
41
Let r(t) = -t**3 - 9*t**2 + 21*t - 12. Calculate r(-11).
-1
Let f(l) = -20*l - 61. Calculate f(-3).
-1
Let j(g) = 3*g**3 + g - 2. Calculate j(-2).
-28
Let z(m) = m**3 - 6*m**2 - 2*m + 19. Calculate z(3).
-14
Let b(r) = r**3 + 16*r**2 + 59*r - 33. Calculate b(-8).
7
Let x(w) = w**3 + w**2 + 2. Determine x(-2).
-2
Let t(l) = l**2 - 4*l + 16. Determine t(7).
37
Let d(p) = -3*p**2 + 17*p + 37. What is d(7)?
9
Let b(w) = 4*w - 5. What is b(-2)?
-13
Let u(y) = -2*y**2 + 9*y - 7. Determine u(3).
2
Let n(v) = 13*v - 173. What is n(15)?
22
Let m(d) = -d**3 + 2*d**2 - 5*d - 4. Calculate m(3).
-28
Let s(u) = u**3 + 27*u**2 + 27*u + 20. Determine s(-26).
-6
Let o(l) = -3*l + 62. Give o(0).
62
Let j(q) = -q**3 + 2*q**2 + 3*q - 1. What is j(3)?
-1
Let j(u) = -u**2 - 6*u + 2. What is j(-6)?
2
Let k(o) = 8*o**2 - 93*o - 17. Give k(12).
19
Let a(s) = -s - 8. What is a(-2)?
-6
Let i(l) = 42*l + 36. Give i(-1).
-6
Let u(o) = o**2 - 7*o - 9. Calculate u(9).
9
Let s(o) = -o**2 + 4*o - 50. Give s(15).
-215
Let w(y) = 3*y**3 - 43*y**2 + 16*y - 35. Give w(14).
-7
Let q(p) = -p**3 + 31*p**2 + 67*p - 40. Give q(33).
-7
Let f(u) = -5*u**2 - 4*u + 2. Give f(-2).
-10
Let z(s) = 5*s**2 - 44*s + 45. Determine z(1).
6
Let b(w) = 2*w - 12. Determine b(7).
2
Let h(g) = -7*g - 89. Give h(-9).
-26
Let o(q) = 3*q**3 - 5*q**2 - 3*q + 3. Determine o(-3).
-114
Let c(j) = 10*j - 6. Determine c(5).
44
Let k(v) = -v**2 - 3*v + 74. Give k(-10).
4
Let i(h) = -5*h - 54. Give i(-18).
36
Let k(i) = -i**3 + 4*i**2 - 12*i + 42. Determine k(4).
-6
Let q(d) = -2*d**3 - 56*d**2 - 59*d - 136. Give q(-27).
-1
Let j(n) = -13*n - 68. Determine j(-6).
10
Let d(b) = 25*b**2 - 1. What is d(-1)?
24
Let o(x) = -17*x + 4. Determine o(1).
-13
Let r(g) = -68*g - 144. What is r(-2)?
-8
Let f(c) = -6*c**2 + 2*c + 17. What is f(-5)?
-143
Let p(w) = -w + 17. Calculate p(12).
5
Let z(f) = f**2 - 5*f - 8. Give z(7).
6
Let h(d) = 12*d - 58. What is h(4)?
-10
Let w(d) = d**2 + 23*d - 85. Give w(-26).
-7
Let m(q) = -3*q**2 + 3*q - 1. Give m(-3).
-37
Let v(b) = 2*b**3 - 2*b**2 - 2*b + 2. Give v(3).
32
Let h(y) = -y**2 - 4*y + 13. Determine h(-6).
1
Let t(r) = r**3 - 10*r**2 - 25*r + 7. Determine t(12).
-5
Let s(o) = o**2 - 